 digit of 1871409588?
8
What is the thousands digit of 81705271?
5
What is the ten millions digit of 38809754?
3
What is the hundreds digit of 224370590?
5
What is the hundred millions digit of 260112474?
2
What is the tens digit of 3158157690?
9
What is the units digit of 9558612?
2
What is the ten millions digit of 48099414?
4
What is the millions digit of 25337461?
5
What is the ten millions digit of 21601871?
2
What is the hundreds digit of 451065188?
1
What is the units digit of 320001487?
7
What is the tens digit of 2623347218?
1
What is the ten millions digit of 112342567?
1
What is the hundreds digit of 46063406?
4
What is the thousands digit of 241208767?
8
What is the ten millions digit of 742772308?
4
What is the ten thousands digit of 16983039?
8
What is the ten thousands digit of 53830350?
3
What is the hundred millions digit of 425372983?
4
What is the units digit of 4711755152?
2
What is the thousands digit of 3939659830?
9
What is the ten thousands digit of 530361526?
6
What is the ten millions digit of 58088875?
5
What is the hundred thousands digit of 493706275?
7
What is the millions digit of 558614510?
8
What is the ten millions digit of 42433055?
4
What is the ten thousands digit of 15353243?
5
What is the units digit of 25397029?
9
What is the millions digit of 167807863?
7
What is the thousands digit of 166856593?
6
What is the millions digit of 754287494?
4
What is the hundred thousands digit of 278260641?
2
What is the ten millions digit of 1053366108?
5
What is the tens digit of 5248968232?
3
What is the tens digit of 33844499?
9
What is the tens digit of 640978884?
8
What is the billions digit of 2023207714?
2
What is the ten millions digit of 173687210?
7
What is the thousands digit of 42100411?
0
What is the units digit of 789471201?
1
What is the tens digit of 7989398?
9
What is the hundred thousands digit of 890457548?
4
What is the millions digit of 144552626?
4
What is the hundred millions digit of 1430215986?
4
What is the millions digit of 69905051?
9
What is the hundred thousands digit of 798205500?
2
What is the hundred thousands digit of 60151100?
1
What is the millions digit of 978122582?
8
What is the ten millions digit of 28467188?
2
What is the hundred millions digit of 568636987?
5
What is the millions digit of 7318898265?
8
What is the millions digit of 31111932?
1
What is the ten thousands digit of 235374350?
7
What is the hundreds digit of 839408942?
9
What is the tens digit of 456525213?
1
What is the millions digit of 297066450?
7
What is the thousands digit of 112726490?
6
What is the ten millions digit of 1667059224?
6
What is the units digit of 58035408?
8
What is the tens digit of 5285264508?
0
What is the hundred thousands digit of 464367971?
3
What is the units digit of 34872236?
6
What is the millions digit of 4293223?
4
What is the hundred thousands digit of 233026960?
0
What is the hundreds digit of 1460284002?
0
What is the units digit of 33421210?
0
What is the hundred millions digit of 4936498225?
9
What is the units digit of 617765467?
7
What is the millions digit of 48124485?
8
What is the thousands digit of 9576491?
6
What is the ten thousands digit of 474570093?
7
What is the ten millions digit of 95486075?
9
What is the hundred thousands digit of 1440777954?
7
What is the hundred thousands digit of 2546250269?
2
What is the ten millions digit of 1272202557?
7
What is the units digit of 40838936?
6
What is the millions digit of 1646992634?
6
What is the hundreds digit of 752398180?
1
What is the units digit of 29263282?
2
What is the thousands digit of 227454228?
4
What is the ten millions digit of 1068654434?
6
What is the hundred millions digit of 101787938?
1
What is the millions digit of 805716607?
5
What is the ten thousands digit of 1353042?
5
What is the hundred thousands digit of 288585126?
5
What is the millions digit of 74991453?
4
What is the ten thousands digit of 3806380722?
8
What is the hundreds digit of 5972479965?
9
What is the hundred thousands digit of 2104534911?
5
What is the tens digit of 1344490766?
6
What is the hundred millions digit of 5906245534?
9
What is the thousands digit of 1193624231?
4
What is the tens digit of 759598532?
3
What is the tens digit of 1124089308?
0
What is the thousands digit of 644166022?
6
What is the ten millions digit of 2563024950?
6
What is the millions digit of 256534019?
6
What is the ten thousands digit of 28808800?
0
What is the hundreds digit of 115351762?
7
What is the hundred thousands digit of 124860337?
8
What is the tens digit of 451756951?
5
What is the thousands digit of 172443054?
3
What is the hundred millions digit of 1438443348?
4
What is the units digit of 143633232?
2
What is the units digit of 3057766286?
6
What is the tens digit of 14771431?
3
What is the hundreds digit of 427096275?
2
What is the units digit of 444304212?
2
What is the thousands digit of 143598083?
8
What is the units digit of 7980087556?
6
What is the tens digit of 1444235139?
3
What is the thousands digit of 4050625833?
5
What is the hundred millions digit of 568253938?
5
What is the tens digit of 35603176?
7
What is the ten thousands digit of 7570384?
7
What is the ten thousands digit of 75808856?
0
What is the hundred thousands digit of 1065304?
0
What is the tens digit of 4630038045?
4
What is the thousands digit of 436305602?
5
What is the ten thousands digit of 1593057013?
5
What is the thousands digit of 40396545?
6
What is the millions digit of 82271916?
2
What is the millions digit of 15123954?
5
What is the ten millions digit of 38016278?
3
What is the ten thousands digit of 1059421361?
2
What is the thousands digit of 1277203578?
3
What is the millions digit of 91242540?
1
What is the units digit of 3150075763?
3
What is the ten millions digit of 79758379?
7
What is the units digit of 747615730?
0
What is the tens digit of 1145986525?
2
What is the units digit of 24928795?
5
What is the units digit of 882884577?
7
What is the units digit of 18481849?
9
What is the ten millions digit of 125684434?
2
What is the hundred thousands digit of 7170673793?
6
What is the tens digit of 207885076?
7
What is the tens digit of 642487706?
0
What is the hundred thousands digit of 1323597?
3
What is the units digit of 155822570?
0
What is the ten millions digit of 168008439?
6
What is the thousands digit of 25192775?
2
What is the thousands digit of 13301545?
1
What is the hundred millions digit of 6608991327?
6
What is the hundred millions digit of 247898943?
2
What is the hundreds digit of 16151493?
4
What is the tens digit of 611152493?
9
What is the ten millions digit of 2369257153?
6
What is the billions digit of 1159037126?
1
What is the ten thousands digit of 661250573?
5
What is the ten millions digit of 38149935?
3
What is the ten millions digit of 288706248?
8
What is the ten thousands digit of 872150178?
5
What is the ten millions digit of 643795023?
4
What is the units digit of 22026600?
0
What is the hundred millions digit of 9707133336?
7
What is the tens digit of 5152218?
1
What is the thousands digit of 399032314?
2
What is the hundred thousands digit of 25233876?
2
What is the units digit of 139582853?
3
What is the ten thousands digit of 54488199?
8
What is the ten thousands digit of 69804841?
0
What is the ten thousands digit of 69201496?
0
What is the ten millions digit of 132937529?
3
What is the ten millions digit of 205763284?
0
What is the hundred millions digit of 1750976793?
7
What is the thousands digit of 573996012?
6
What is the hundreds digit of 4812430942?
9
What is the tens digit of 131922246?
4
What is the ten millions digit of 72216123?
7
What is the ten millions digit of 198462867?
9
What is the hundred millions digit of 174253579?
1
What is the tens digit of 17241220?
2
What is the ten millions digit of 69925841?
6
What is the units digit of 67896800?
0
What is the ten millions digit of 164938788?
6
What is the ten millions digit of 543466188?
4
What is the ten millions digit of 636111578?
3
What is the hundred thousands digit of 47091383?
0
What is the ten thousands digit of 86106087?
0
What is the thousands digit of 55313754?
3
What is the hundred millions digit of 1706658735?
7
What is the thousands 